{"id":1951,"date":"2024-07-29T15:32:47","date_gmt":"2024-07-29T13:32:47","guid":{"rendered":"https:\/\/www.bakkie.de\/?post_type=product&#038;p=1951"},"modified":"2024-09-19T15:56:29","modified_gmt":"2024-09-19T13:56:29","slug":"souma-leather-bag-lenkertasche-mini","status":"publish","type":"product","link":"https:\/\/www.bakkie.de\/index.php\/product\/souma-leather-bag-lenkertasche-mini\/","title":{"rendered":"Souma Leather Bag &#8211; Lenkertasche Mini"},"content":{"rendered":"<p>Die\u00a0Souma Lenkertasche ist eine gro\u00dfartige M\u00f6glichkeit, Ihre Brompton Fahrt noch komfortabler zu machen, indem Sie Ihre allt\u00e4glichen Essentials (Telefon, Geldb\u00f6rse, Schl\u00fcssel etc.) zu dieser Tasche zu setzen. Entworfen f\u00fcr den neuen, erh\u00f6hten Lenker 2017.<\/p>\n<p>Ihr Brompton kann leicht gefaltet werden, w\u00e4hrend die Tasche noch daran befestigt ist! Der strapazierf\u00e4hige Schnappverschluss sorgt daf\u00fcr, dass Ihre Habseligkeiten sicher bleiben, auch wenn Sie das Fahrrad mit beladener Lenkertasche zusammenfalten. Die Tasche wird mit 4 hochwertigen, strapazierf\u00e4higen Druckkn\u00f6pfen sicher an dem ungenutzten Platz in der Mitte des U-f\u00f6rmigen Brompton-Lenkers befestigt.<\/p>\n<p><strong>Merkmale:<\/strong><\/p>\n<ul>\n<li>Passt f\u00fcr wichtige Alltagsgegenst\u00e4nde wie: Schl\u00fcssel, Telefon, Geldb\u00f6rse<\/li>\n<li>Passt perfekt in den ungenutzten Raum am erh\u00f6hten Brompton-Lenker<\/li>\n<li>Wasserfestes Vollnarbenleder sorgt f\u00fcr ein einzigartiges, ungew\u00f6hnliches Aussehen und Gef\u00fchl<\/li>\n<li>Entwickelt mit der Zeit eine sch\u00f6ne Patina<\/li>\n<li>Sichere Befestigung durch 4 starke Lederriemen mit robusten Druckkn\u00f6pfen<\/li>\n<li>Der Taschenverschluss ist mit einem hochwertigen, strapazierf\u00e4higen Verschluss gesichert<\/li>\n<\/ul>\n<p>Das f\u00fcr unsere Taschen verwendete Leder ist ein pflanzlich gegerbtes, vollnarbiges Rindsleder, das f\u00fcr Haltbarkeit und Struktur sorgt. Bei der Herstellung unserer Brompton-Taschen werden nur wenige Teile und dickes Marine-Gewebe verwendet. Wir tun das, um ein sch\u00f6nes und einfaches, aber sehr funktionales Design und lebenslange Haltbarkeit zu erreichen!<\/p>\n<p>Verf\u00fcgbar in dunkel-braun und schwarz.<\/p>\n","protected":false},"excerpt":{"rendered":"<p>Die\u00a0Souma Lenkertasche ist eine gro\u00dfartige M\u00f6glichkeit, Ihre Brompton Fahrt noch komfortabler zu machen, indem Sie Ihre allt\u00e4glichen Essentials (Telefon, Geldb\u00f6rse, Schl\u00fcssel etc.) zu dieser Tasche zu setzen. Entworfen f\u00fcr den neuen, erh\u00f6hten Lenker 2017. Ihr Brompton kann leicht gefaltet werden, w\u00e4hrend die Tasche noch daran befestigt ist! Der strapazierf\u00e4hige Schnappverschluss sorgt daf\u00fcr, dass Ihre Habseligkeiten [&hellip;]<\/p>\n","protected":false},"featured_media":1952,"comment_status":"open","ping_status":"closed","template":"","meta":[],"product_brand":[],"product_cat":[39,34],"product_tag":[35],"class_list":{"0":"post-1951","1":"product","2":"type-product","3":"status-publish","4":"has-post-thumbnail","6":"product_cat-accessories","7":"product_cat-faltraeder","8":"product_tag-brompton","10":"first","11":"instock","12":"purchasable","13":"product-type-simple"},"jetpack_sharing_enabled":true,"_links":{"self":[{"href":"https:\/\/www.bakkie.de\/index.php\/wp-json\/wp\/v2\/product\/1951","targetHints":{"allow":["GET"]}}],"collection":[{"href":"https:\/\/www.bakkie.de\/index.php\/wp-json\/wp\/v2\/product"}],"about":[{"href":"https:\/\/www.bakkie.de\/index.php\/wp-json\/wp\/v2\/types\/product"}],"replies":[{"embeddable":true,"href":"https:\/\/www.bakkie.de\/index.php\/wp-json\/wp\/v2\/comments?post=1951"}],"version-history":[{"count":1,"href":"https:\/\/www.bakkie.de\/index.php\/wp-json\/wp\/v2\/product\/1951\/revisions"}],"predecessor-version":[{"id":1956,"href":"https:\/\/www.bakkie.de\/index.php\/wp-json\/wp\/v2\/product\/1951\/revisions\/1956"}],"wp:featuredmedia":[{"embeddable":true,"href":"https:\/\/www.bakkie.de\/index.php\/wp-json\/wp\/v2\/media\/1952"}],"wp:attachment":[{"href":"https:\/\/www.bakkie.de\/index.php\/wp-json\/wp\/v2\/media?parent=1951"}],"wp:term":[{"taxonomy":"product_brand","embeddable":true,"href":"https:\/\/www.bakkie.de\/index.php\/wp-json\/wp\/v2\/product_brand?post=1951"},{"taxonomy":"product_cat","embeddable":true,"href":"https:\/\/www.bakkie.de\/index.php\/wp-json\/wp\/v2\/product_cat?post=1951"},{"taxonomy":"product_tag","embeddable":true,"href":"https:\/\/www.bakkie.de\/index.php\/wp-json\/wp\/v2\/product_tag?post=1951"}],"curies":[{"name":"wp","href":"https:\/\/api.w.org\/{rel}","templated":true}]}}