{"id":1963,"date":"2024-07-29T15:40:14","date_gmt":"2024-07-29T13:40:14","guid":{"rendered":"https:\/\/www.bakkie.de\/?post_type=product&#038;p=1963"},"modified":"2024-09-19T15:51:33","modified_gmt":"2024-09-19T13:51:33","slug":"phone-mount-quad-lock","status":"publish","type":"product","link":"https:\/\/www.bakkie.de\/index.php\/product\/phone-mount-quad-lock\/","title":{"rendered":"Phone Mount Quad Lock"},"content":{"rendered":"<p>Das erste Telefonhalterungssystem, das speziell f\u00fcr Brompton-R\u00e4der entwickelt wurde. Verwendung mit einem Quad Lock-Geh\u00e4use oder einem Universaladapter (separat erh\u00e4ltlich) f\u00fcr eine perfekt positionierte und sichere Halterung.<\/p>\n<p>Mit dem patentierten zweistufigen Quad Lock-Schlie\u00dfsystem. Das Telefon kann mit einem einfachen Dreh schnell an jedem Brompton-Lenkertyp befestigt werden. Gefertigt aus robustem Nylon mit einem schlanken schwarzen Finish.<\/p>\n<p>Verpassen Sie nie wieder den n\u00e4chsten Abzweig oder eine wichtige Benachrichtigung.<\/p>\n<p>mit universal Halter : 55,00\u20ac<\/p>\n<p>mit standard Halter : 45,00\u20ac<\/p>\n","protected":false},"excerpt":{"rendered":"<p>Das erste Telefonhalterungssystem, das speziell f\u00fcr Brompton-R\u00e4der entwickelt wurde. Verwendung mit einem Quad Lock-Geh\u00e4use oder einem Universaladapter (separat erh\u00e4ltlich) f\u00fcr eine perfekt positionierte und sichere Halterung. Mit dem patentierten zweistufigen Quad Lock-Schlie\u00dfsystem. Das Telefon kann mit einem einfachen Dreh schnell an jedem Brompton-Lenkertyp befestigt werden. Gefertigt aus robustem Nylon mit einem schlanken schwarzen Finish. Verpassen [&hellip;]<\/p>\n","protected":false},"featured_media":1966,"comment_status":"open","ping_status":"closed","template":"","meta":[],"product_brand":[],"product_cat":[39,34],"product_tag":[35],"class_list":{"0":"post-1963","1":"product","2":"type-product","3":"status-publish","4":"has-post-thumbnail","6":"product_cat-accessories","7":"product_cat-faltraeder","8":"product_tag-brompton","10":"first","11":"instock","12":"purchasable","13":"product-type-simple"},"jetpack_sharing_enabled":true,"_links":{"self":[{"href":"https:\/\/www.bakkie.de\/index.php\/wp-json\/wp\/v2\/product\/1963","targetHints":{"allow":["GET"]}}],"collection":[{"href":"https:\/\/www.bakkie.de\/index.php\/wp-json\/wp\/v2\/product"}],"about":[{"href":"https:\/\/www.bakkie.de\/index.php\/wp-json\/wp\/v2\/types\/product"}],"replies":[{"embeddable":true,"href":"https:\/\/www.bakkie.de\/index.php\/wp-json\/wp\/v2\/comments?post=1963"}],"version-history":[{"count":1,"href":"https:\/\/www.bakkie.de\/index.php\/wp-json\/wp\/v2\/product\/1963\/revisions"}],"predecessor-version":[{"id":1967,"href":"https:\/\/www.bakkie.de\/index.php\/wp-json\/wp\/v2\/product\/1963\/revisions\/1967"}],"wp:featuredmedia":[{"embeddable":true,"href":"https:\/\/www.bakkie.de\/index.php\/wp-json\/wp\/v2\/media\/1966"}],"wp:attachment":[{"href":"https:\/\/www.bakkie.de\/index.php\/wp-json\/wp\/v2\/media?parent=1963"}],"wp:term":[{"taxonomy":"product_brand","embeddable":true,"href":"https:\/\/www.bakkie.de\/index.php\/wp-json\/wp\/v2\/product_brand?post=1963"},{"taxonomy":"product_cat","embeddable":true,"href":"https:\/\/www.bakkie.de\/index.php\/wp-json\/wp\/v2\/product_cat?post=1963"},{"taxonomy":"product_tag","embeddable":true,"href":"https:\/\/www.bakkie.de\/index.php\/wp-json\/wp\/v2\/product_tag?post=1963"}],"curies":[{"name":"wp","href":"https:\/\/api.w.org\/{rel}","templated":true}]}}