{"id":2162,"date":"2024-08-16T16:16:02","date_gmt":"2024-08-16T14:16:02","guid":{"rendered":"https:\/\/www.bakkie.de\/?post_type=product&#038;p=2162"},"modified":"2025-06-02T16:27:38","modified_gmt":"2025-06-02T14:27:38","slug":"brompton-c-line-m-lenker-6-gang-ocean-blue-gepaecktraeger-dynamo-licht","status":"publish","type":"product","link":"https:\/\/www.bakkie.de\/index.php\/product\/brompton-c-line-m-lenker-6-gang-ocean-blue-gepaecktraeger-dynamo-licht\/","title":{"rendered":"BROMPTON &#8211; C LINE &#8211; M LENKER &#8211; 6 Gang &#8211; OCEAN BLUE &#8211; Gep\u00e4cktr\u00e4ger, Dynamo Licht"},"content":{"rendered":"<div data-testid=\"techspec-product-name\" data-v-623db5cc=\"\">\n<div class=\"techSpecs__table-cell\" data-v-623db5cc=\"\">\n<pre class=\"techSpecs__table-cell-title\"><strong>Gewicht<\/strong> : Von 11,5 kg<\/pre>\n<\/div>\n<div class=\"techSpecs__table-cell\" data-v-623db5cc=\"\"><strong>Geschwindigkeit :<\/strong>\u00a0<span class=\"techSpecs__table-value\" data-v-623db5cc=\"\">6 Gang (Explore)<\/span><\/div>\n<div class=\"techSpecs__table-cell\" data-v-623db5cc=\"\">\n<pre class=\"techSpecs__table-cell-title\"><strong>Material : <\/strong>Stahl<\/pre>\n<\/div>\n<div class=\"techSpecs__table-cell\" data-v-623db5cc=\"\">\n<pre class=\"techSpecs__table-cell-title\"><strong>Gefaltete Gr\u00f6\u00dfe : <\/strong>645mm (H) x 565mm (W) x 270mm (D) (25.3'' x 23'' x 10.6'')<\/pre>\n<\/div>\n<div data-v-623db5cc=\"\"><strong>C Line Explore &#8211; 6 Gang<\/strong><\/div>\n<\/div>\n<div class=\"techSpecs__intro\" data-v-623db5cc=\"\">\n<div class=\"techSpecs__desc\" data-v-623db5cc=\"\">\n<div data-v-623db5cc=\"\">\n<p>Mit der C Line Explore von Brompton k\u00f6nnen Sie einfach und sicher \u00fcberall hinfahren. Das C Line Explore hilft Ihnen bei den Abenteuern voranzukommen, die das Leben Ihnen zu bieten hat. Mit ihm k\u00f6nnen Sie stilvoll pendeln, reisen und Besorgungen machen. Wie alle atemberaubenden Brompton-Fahrr\u00e4der erm\u00f6glicht dieses Modell eine Erfahrung voller Freude, Agilit\u00e4t und Kraft.<\/p>\n<p>Jedes Element dieses vielseitigen Rads steht f\u00fcr Eleganz. Das 6-Gang-System und die kraftvollen Bremsen versprechen eine reibungslose Fahrt und sorgen f\u00fcr Kontrolle und Pr\u00e4zision. Dies sorgt f\u00fcr eine komfortable Fahrerfahrung, die kraftvoll und aufregend ist.<\/p>\n<p>Experten-Engineering ist nicht der einzige Vorteil, den dieses Alltagsrad mit sich bringt. Das ergonomische Klappsystem l\u00e4sst Sie m\u00fchelos rollen und gleiten und kann in 20 Sekunden bet\u00e4tigt werden, um Ihr 2-Rad-Wunder in ein kompaktes Tragezubeh\u00f6r zu verwandeln. Perfekt f\u00fcr Pendler oder unbeschwerte Reisende, die jeden Winkel an einem neuen Ort besuchen m\u00f6chten. Der Rahmen ist leicht und einfach zu tragen.<\/p>\n<p>Es hat eine umweltfreundliche Power-Beschichtung und unser Expertenteam fertigt jedes Rad in der Londoner Brompton-Fabrik in Handarbeit an.<\/p>\n<p>Das C Line Explore macht das Reisen im Handumdrehen zum Kinderspiel. Mit Brompton k\u00f6nnen Sie die erf\u00fcllenden Momente auf dieser Welt auf eine hellere, kraftvollere Weise erleben, wann immer sie auftauchen.<\/p>\n<div class=\"techSpecs__summary-item\" data-v-623db5cc=\"\"><\/div>\n<\/div>\n<\/div>\n<\/div>\n","protected":false},"excerpt":{"rendered":"<p>Gewicht : Von 11,5 kg Geschwindigkeit :\u00a06 Gang (Explore) Material : Stahl Gefaltete Gr\u00f6\u00dfe : 645mm (H) x 565mm (W) x 270mm (D) (25.3&#8220; x 23&#8220; x 10.6&#8220;) C Line Explore &#8211; 6 Gang Mit der C Line Explore von Brompton k\u00f6nnen Sie einfach und sicher \u00fcberall hinfahren. Das C Line Explore hilft Ihnen bei [&hellip;]<\/p>\n","protected":false},"featured_media":2164,"comment_status":"open","ping_status":"closed","template":"","meta":[],"product_brand":[],"product_cat":[34],"product_tag":[35],"class_list":{"0":"post-2162","1":"product","2":"type-product","3":"status-publish","4":"has-post-thumbnail","6":"product_cat-faltraeder","7":"product_tag-brompton","8":"product_shipping_class-brompton-shipping","10":"first","11":"instock","12":"purchasable","13":"product-type-simple"},"jetpack_sharing_enabled":true,"_links":{"self":[{"href":"https:\/\/www.bakkie.de\/index.php\/wp-json\/wp\/v2\/product\/2162","targetHints":{"allow":["GET"]}}],"collection":[{"href":"https:\/\/www.bakkie.de\/index.php\/wp-json\/wp\/v2\/product"}],"about":[{"href":"https:\/\/www.bakkie.de\/index.php\/wp-json\/wp\/v2\/types\/product"}],"replies":[{"embeddable":true,"href":"https:\/\/www.bakkie.de\/index.php\/wp-json\/wp\/v2\/comments?post=2162"}],"version-history":[{"count":2,"href":"https:\/\/www.bakkie.de\/index.php\/wp-json\/wp\/v2\/product\/2162\/revisions"}],"predecessor-version":[{"id":2294,"href":"https:\/\/www.bakkie.de\/index.php\/wp-json\/wp\/v2\/product\/2162\/revisions\/2294"}],"wp:featuredmedia":[{"embeddable":true,"href":"https:\/\/www.bakkie.de\/index.php\/wp-json\/wp\/v2\/media\/2164"}],"wp:attachment":[{"href":"https:\/\/www.bakkie.de\/index.php\/wp-json\/wp\/v2\/media?parent=2162"}],"wp:term":[{"taxonomy":"product_brand","embeddable":true,"href":"https:\/\/www.bakkie.de\/index.php\/wp-json\/wp\/v2\/product_brand?post=2162"},{"taxonomy":"product_cat","embeddable":true,"href":"https:\/\/www.bakkie.de\/index.php\/wp-json\/wp\/v2\/product_cat?post=2162"},{"taxonomy":"product_tag","embeddable":true,"href":"https:\/\/www.bakkie.de\/index.php\/wp-json\/wp\/v2\/product_tag?post=2162"}],"curies":[{"name":"wp","href":"https:\/\/api.w.org\/{rel}","templated":true}]}}