{"id":2480,"date":"2025-07-04T11:51:44","date_gmt":"2025-07-04T09:51:44","guid":{"rendered":"https:\/\/www.bakkie.de\/?post_type=product&#038;p=2480"},"modified":"2025-07-04T11:59:57","modified_gmt":"2025-07-04T09:59:57","slug":"stevens-e-city-e-brione-arctic-grey-grosse-46","status":"publish","type":"product","link":"https:\/\/www.bakkie.de\/index.php\/product\/stevens-e-city-e-brione-arctic-grey-grosse-46\/","title":{"rendered":"STEVENS \u2013 E-CITY-  E-BRIONE \u2013 ARCTIC GREY \u2013 GRO\u00dfE 46"},"content":{"rendered":"<section class=\"art-group\">\n<h3>Daten<\/h3>\n<dl>\n<dt><img decoding=\"async\" src=\"https:\/\/www.radfieber.de\/all\/img\/icons\/ausstattung\/gewicht.gif\" alt=\"\" \/>\u00a0Gewicht<\/dt>\n<dd class=\"art-name\">26,0 kg<\/dd>\n<\/dl>\n<dl>\n<dt><img decoding=\"async\" src=\"https:\/\/www.radfieber.de\/all\/img\/icons\/ausstattung\/gewicht.gif\" alt=\"\" \/>\u00a0Zul. Gesamtgewicht<\/dt>\n<dd class=\"art-name\">140 kg<\/dd>\n<\/dl>\n<dl>\n<dt><img decoding=\"async\" src=\"https:\/\/www.radfieber.de\/all\/img\/icons\/ausstattung\/farbe.gif\" alt=\"\" \/>\u00a0Farbe(n)<\/dt>\n<dd class=\"art-name\">Arctic Grey<\/dd>\n<\/dl>\n<dl>\n<dt><img decoding=\"async\" src=\"https:\/\/www.radfieber.de\/all\/img\/icons\/ausstattung\/groesse.gif\" alt=\"\" \/>\u00a0Gr\u00f6\u00dfen<\/dt>\n<dd class=\"art-name\">F 46 cm<\/dd>\n<\/dl>\n<div id=\"bikedescription\">\n<h2>City-Pedelec f\u00fcr den Alltag<\/h2>\n<p>So geht harter, st\u00e4dtischer Alltagseinsatz. Leichter, stabiler Aluminiumrahmen in den Forma-Gr\u00f6\u00dfen 46, 52 und 56 cm mit semi-integriertem PowerPack 500 Wh-Akku von Bosch, angetrieben vom Active Line Plus Antrieb mit 50 Nm maximalem Drehmoment. Dazu ein informatives Bosch Intuvia-Display, R\u00fccktritt- plus Tektro-Scheibenbremsen und Schwalbe Marathon-Reifen. Auch die SR Suntour Mobie-Federgabel bietet citytauglichen Komfort.<\/p>\n<\/div>\n<ul id=\"highlights\">\n<li>Bequemes, zuverl\u00e4ssiges Pedelec mit Zahnriemen<\/li>\n<li>Extra leiser Bosch G3 Active Line Plus-Antrieb mit 250 Watt<\/li>\n<li>Robuste Shimano Nexus Inter-5E-Nabenschaltung<\/li>\n<li>R\u00fccktritt- plus hydraulische Tektro-Scheibenbremsen<\/li>\n<li>500 Wh-Akku f\u00fcr lange Laufleistung und Reichweite<\/li>\n<\/ul>\n<h3><\/h3>\n<h3>Chassis<\/h3>\n<dl class=\"hasextra open\">\n<dt><img decoding=\"async\" src=\"https:\/\/www.stevensbikes.de\/all\/img\/icons\/ausstattung\/rohrmaterial.gif\" alt=\"\" \/>Rahmen<\/dt>\n<dd class=\"art-name\">Aluminium 6061<\/dd>\n<dd class=\"tech-info\">\n<ul>\n<li>O.L.D.: 135 mm<\/li>\n<li>Bremse: Postmount-Disc 180<\/li>\n<li>Tretlager: Bosch<\/li>\n<li>Zugverlegung: intern<\/li>\n<li>Schutzblech- u. Gep\u00e4cktr\u00e4ger-\u00d6sen<\/li>\n<li>Verstellbare Ausfallenden<\/li>\n<\/ul>\n<\/dd>\n<\/dl>\n<dl class=\"hasextra open\">\n<dt><img decoding=\"async\" src=\"https:\/\/www.stevensbikes.de\/all\/img\/icons\/ausstattung\/gabel.gif\" alt=\"\" \/>Gabel<\/dt>\n<dd class=\"art-name\">SR Suntour NX1-Coil LO<\/dd>\n<dd class=\"tech-info\">\n<ul>\n<li>Federweg: 63 mm<\/li>\n<li>Stahlfeder<\/li>\n<li>Lockout<\/li>\n<li>Gabelschaft 1 1\/8&#8243;<\/li>\n<li>O.L.D.: 100 mm<\/li>\n<li>Bremse: Postmount-Disc 160<\/li>\n<li>Schutzblech-\u00d6sen<\/li>\n<\/ul>\n<\/dd>\n<\/dl>\n<dl class=\"hasextra open\">\n<dt><img decoding=\"async\" src=\"https:\/\/www.stevensbikes.de\/all\/img\/icons\/ausstattung\/steuersatz.gif\" alt=\"\" \/>Steuersatz<\/dt>\n<dd class=\"art-name\">STEVENS AH 1 1\/8&#8243;<\/dd>\n<dd class=\"tech-info\">\n<ul>\n<li>Obere Lagerschale: ZS44\/28,6<\/li>\n<li>Untere Lagerschale: ZS44\/30<\/li>\n<\/ul>\n<\/dd>\n<\/dl>\n<dl class=\"hasextra open\">\n<dt><img decoding=\"async\" src=\"https:\/\/www.stevensbikes.de\/all\/img\/icons\/ausstattung\/bremse.gif\" alt=\"\" \/>Bremse vorne<\/dt>\n<dd class=\"art-name\">Tektro HD-T280<\/dd>\n<dd class=\"tech-info\">\n<ul>\n<li>Hydraulische Scheibenbremse<\/li>\n<li>2 Kolben<\/li>\n<\/ul>\n<\/dd>\n<\/dl>\n<dl class=\"hasextra open\">\n<dt><img decoding=\"async\" src=\"https:\/\/www.stevensbikes.de\/all\/img\/icons\/ausstattung\/bremse.gif\" alt=\"\" \/>Bremse hinten<\/dt>\n<dd class=\"art-name\">Tektro HD-T280<\/dd>\n<dd class=\"tech-info\">\n<ul>\n<li>Hydraulische Scheibenbremse<\/li>\n<li>2 Kolben<\/li>\n<\/ul>\n<\/dd>\n<\/dl>\n<dl class=\"hasextra open\">\n<dt><img decoding=\"async\" src=\"https:\/\/www.stevensbikes.de\/all\/img\/icons\/ausstattung\/disc.gif\" alt=\"\" \/>Bremsscheibe vorne<\/dt>\n<dd class=\"art-name\">Tektro TR180-52<\/dd>\n<dd class=\"tech-info\">\n<ul>\n<li>Scheibendurchmesser: 180 mm<\/li>\n<li>6-Loch<\/li>\n<\/ul>\n<\/dd>\n<\/dl>\n<dl class=\"closed hasextra\">\n<dt><img decoding=\"async\" src=\"https:\/\/www.stevensbikes.de\/all\/img\/icons\/ausstattung\/disc.gif\" alt=\"\" \/>Bremsscheibe hinten<\/dt>\n<dd class=\"art-name\">Tektro TR180-47<\/dd>\n<dd>\n<ul>\n<li>Scheibendurchmesser: 180 mm<\/li>\n<li>5-Loch<\/li>\n<\/ul>\n<\/dd>\n<\/dl>\n<\/section>\n<section class=\"art-group\"><\/section>\n<section class=\"art-group\">\n<dl class=\"hasextra open\">\n<dd class=\"tech-info\"><\/dd>\n<\/dl>\n<\/section>\n","protected":false},"excerpt":{"rendered":"<p>Daten \u00a0Gewicht 26,0 kg \u00a0Zul. Gesamtgewicht 140 kg \u00a0Farbe(n) Arctic Grey \u00a0Gr\u00f6\u00dfen F 46 cm City-Pedelec f\u00fcr den Alltag So geht harter, st\u00e4dtischer Alltagseinsatz. Leichter, stabiler Aluminiumrahmen in den Forma-Gr\u00f6\u00dfen 46, 52 und 56 cm mit semi-integriertem PowerPack 500 Wh-Akku von Bosch, angetrieben vom Active Line Plus Antrieb mit 50 Nm maximalem Drehmoment. Dazu ein [&hellip;]<\/p>\n","protected":false},"featured_media":2482,"comment_status":"open","ping_status":"closed","template":"","meta":[],"product_brand":[],"product_cat":[25],"product_tag":[37],"class_list":{"0":"post-2480","1":"product","2":"type-product","3":"status-publish","4":"has-post-thumbnail","6":"product_cat-cityebikes","7":"product_tag-stevens","9":"first","10":"instock","11":"taxable","12":"shipping-taxable","13":"purchasable","14":"product-type-simple"},"jetpack_sharing_enabled":true,"_links":{"self":[{"href":"https:\/\/www.bakkie.de\/index.php\/wp-json\/wp\/v2\/product\/2480","targetHints":{"allow":["GET"]}}],"collection":[{"href":"https:\/\/www.bakkie.de\/index.php\/wp-json\/wp\/v2\/product"}],"about":[{"href":"https:\/\/www.bakkie.de\/index.php\/wp-json\/wp\/v2\/types\/product"}],"replies":[{"embeddable":true,"href":"https:\/\/www.bakkie.de\/index.php\/wp-json\/wp\/v2\/comments?post=2480"}],"version-history":[{"count":1,"href":"https:\/\/www.bakkie.de\/index.php\/wp-json\/wp\/v2\/product\/2480\/revisions"}],"predecessor-version":[{"id":2484,"href":"https:\/\/www.bakkie.de\/index.php\/wp-json\/wp\/v2\/product\/2480\/revisions\/2484"}],"wp:featuredmedia":[{"embeddable":true,"href":"https:\/\/www.bakkie.de\/index.php\/wp-json\/wp\/v2\/media\/2482"}],"wp:attachment":[{"href":"https:\/\/www.bakkie.de\/index.php\/wp-json\/wp\/v2\/media?parent=2480"}],"wp:term":[{"taxonomy":"product_brand","embeddable":true,"href":"https:\/\/www.bakkie.de\/index.php\/wp-json\/wp\/v2\/product_brand?post=2480"},{"taxonomy":"product_cat","embeddable":true,"href":"https:\/\/www.bakkie.de\/index.php\/wp-json\/wp\/v2\/product_cat?post=2480"},{"taxonomy":"product_tag","embeddable":true,"href":"https:\/\/www.bakkie.de\/index.php\/wp-json\/wp\/v2\/product_tag?post=2480"}],"curies":[{"name":"wp","href":"https:\/\/api.w.org\/{rel}","templated":true}]}}